e the remainder when o is divided by 18.
15
Suppose 5*s - 13 = 17. Suppose 0 = -5*o - 22 - 13. Calculate the remainder when s is divided by 112/(-32)*4/o.
0
Suppose -p + 54 = 2*p. Let d = 24 + -61. Let w = -2 - d. Calculate the remainder when w is divided by p.
17
What is the remainder when ((-14214)/(-483))/((-2)/(-14)) is divided by 14?
10
Let t = 241 + -183. Calculate the remainder when 461 is divided by t.
55
Suppose 2*a + 0*b - 90 = -b, 2*a - 86 = -2*b. Suppose -k - 39 = -13. Let v = k + a. What is the remainder when v is divided by 12?
9
Suppose 2*g - 26 = 2*m, -5*g - 3 = 5*m - 78. Calculate the remainder when 81 is divided by g.
11
Let s = 88 - 73. Suppose 63 = -2*y - y. Calculate the remainder when (-2)/7 + (-573)/y is divided by s.
12
Suppose -5*x = 35 - 85. Let w(g) = -2*g + 9. What is the remainder when w(-4) is divided by (x*(-2)/4)/(-1)?
2
Suppose 4*r - 5 - 39 = 0. Let o(i) = -9*i - 2. Suppose -4 = -2*s - 6. What is the remainder when r is divided by o(s)?
4
Suppose 237 = g + 3*a, -5*a + 233 = g - 0*a. Suppose k - 1 = 3. Suppose 0 = -k*j - j + 4*d + 237, -d = -5*j + g. What is the remainder when j is divided by 10?
9
Let f = -126 + 139. What is the remainder when 270 is divided by f?
10
Let j = -2216 + 2642. Calculate the remainder when j is divided by 208.
10
Suppose 28*o = 1860 + 1220. Calculate the remainder when o is divided by (3 - -26) + 0 + -1.
26
Let n(a) = 2*a**2 + 3*a - 10. Let i = 10 - 8. Suppose -60 = -3*h - i*h. Calculate the remainder when n(4) is divided by h.
10
Suppose 3*t + 3*u - 132 = 4*u, -58 = -t + 5*u. What is the remainder when 125 is divided by t?
39
Suppose 4*s + 5*b = s + 35, 3*s + 3*b = 33. Calculate the remainder when 1938 is divided by s.
8
Let x(g) = -g**3 + 5*g**2 + 8*g - 3. Let s(n) = n + 25. Suppose 0 = v + 3*f - 3, -4*v - 2*f = -2*v - 2. What is the remainder when s(v) is divided by x(6)?
7
Suppose 21*c - 20*c - 325 = 0. Let m = c + -213. Calculate the remainder when m is divided by 38.
36
Let v = 0 - -18. What is the remainder when -63*4*(-75)/180 is divided by v?
15
Let s(h) = 12*h**3 + h**2 - 1. Let z(g) = -g**2 - 10*g + 1. Let l be z(-10). Suppose -4*t = 3*t - 28. Calculate the remainder when s(l) is divided by t.
0
Let d be ((-10)/20)/(2/1084). Let h = d + 384. Calculate the remainder when h is divided by 15.
8
Let g(c) = 0*c - c**2 - 4*c + 5*c + 10. Let d be -8*3/6 - -4. Calculate the remainder when 17 is divided by g(d).
7
Suppose -68 = -3*y + 5*f - f, -22 = -y + 2*f. Let w = y + -15. What is the remainder when 160 is divided by w?
7
Suppose 38*u - 32*u - 30 = 0. What is the remainder when 23 is divided by u?
3
Calculate the remainder when 299 is divided by 61/((15/(-3) - -6)/1).
55
Let z(u) = -u**3 - 5*u**2 - 3*u + 8. Let j be z(-4). Suppose o - 2*g + 0 - 10 = 0, 0 = 5*o + j*g - 36. Calculate the remainder when 30 is divided by o.
6
What is the remainder when 613 is divided by 1/(-7*(-12)/672)?
5
Let h = 349 + -272. What is the remainder when h is divided by 39?
38
Suppose 6*n + 33 - 135 = 0. What is the remainder when 145 is divided by n?
9
Suppose -1164 + 318 = -3*m. Calculate the remainder when m is divided by 96.
90
Let a(r) be the second derivative of r**3/3 - 5*r**2 + r. Suppose 39 = 4*h - 17. Calculate the remainder when h is divided by a(7).
2
What is the remainder when 40 is divided by 36/54 + (84/9 - 0)?
0
Let n(q) = q**3 + 11*q**2 + 25*q + 13. Let p(d) = 68*d. What is the remainder when p(1) is divided by n(-4)?
18
Let p = -21406 + 21411. Suppose 2*m + 15 = 7*m. Let l = 20 - m. What is the remainder when l is divided by p?
2
Suppose 18*k - 316 = 20*k. What is the remainder when ((-189)/42)/(k/152 - -1) is divided by 29?
27
Suppose 2*h - 38 - 46 = m, -2*m - 180 = -h. Let w = 175 + m. Let k = 3867 - 3846. What is the remainder when w is divided by k?
20
Suppose 1013 - 23 = 22*n. What is the remainder when 128 is divided by n?
38
Suppose 33*f - q = 36*f - 194, 0 = -3*q + 6. Calculate the remainder when f is divided by 11.
9
Suppose 267 = 10*y - 1383. Calculate the remainder when y is divided by 21.
18
Let h = -161 - -429. What is the remainder when h is divided by 18?
16
Suppose -16 = -5*y - 2*z, -3*y + 7 = z - 3. Let q = 3 + 12. Calculate the remainder when 3/y - (-218)/8 is divided by q.
13
Let n(w) = -11*w - 1. Let a be n(1). Suppose 43 = l - 5*i, -2*l - 2*i = -4*l + 62. Calculate the remainder when l is divided by (-9)/(-2)*(-40)/a.
13
Let f(j) = -3*j**2 + 5*j + 1. Let q be f(4). Let z(l) = 5*l + 51. Let p be z(8). Let i = q + p. Calculate the remainder when i is divided by 22.
20
Let l = 1314 + -1098. Calculate the remainder when l is divided by 7.
6
Let n(z) be the second derivative of -1/2*z**2 + 1/3*z**3 + 0 + 35/12*z**4 + 5*z. Calculate the remainder when 70 is divided by n(1).
34
Suppose 88 + 178 = 2*j. Suppose -j + 13 = -4*u. What is the remainder when 179 is divided by u?
29
Suppose 0 = 4*d - 0*d + 20, -4*c - 4*d = -228. Let z = c - 32. Suppose -2*j + 34 = 2*t, j - 4*j + 4*t = -44. What is the remainder when z is divided by j?
14
Calculate the remainder when 80 is divided by (144/108)/(8/18).
2
Let m = -197 + 245. Calculate the remainder when m is divided by 13.
9
Suppose -3*v + 15 = -9. Suppose -10 = -5*b - 0. Suppose -b*k + 73 = 29. Calculate the remainder when k is divided by v.
6
Calculate the remainder when (-1)/((-1)/(-125)*-1) is divided by ((-3)/(-1))/((-652)/(-128) + -5).
29
Let d be 30/7 - 14/49. Let w(l) = 27*l - 18. Calculate the remainder when w(d) is divided by 31.
28
Suppose -4*k + 8 = 0, -8*z + 3*z = 5*k - 35. Suppose -z*a = -a - 16. Calculate the remainder when 63 - (4 + -4 + a) is divided by 15.
14
Let q(u) = 2*u - 30. Let f be q(15). Suppose f*l = -l + 14. Calculate the remainder when 67 is divided by l.
11
Let z be 2/6 - (-8)/(-6). Let m = 1 - z. Let v = -7 + 9. What is the remainder when v is divided by m?
0
Let m be -139*3/12*(3 - -1). Let i = -125 - m. What is the remainder when 32 is divided by i?
4
Suppose 3*z + 0 = -5*g + 200, 0 = -3*g + 4*z + 91. Suppose -g = -4*j + 59. What is the remainder when 93 is divided by j?
21
Let d(n) = -n**3 + 8*n**2 + 39*n - 157. Let l = 64 + -41. What is the remainder when d(4) is divided by l?
17
Calculate the remainder when 71 is divided by ((-96)/(-4))/((-1)/(6/(-4))).
35
Let i = -1357 + 1879. What is the remainder when i is divided by 168?
18
Let x(t) = 6*t**3 + 3*t**2 + 5*t + 5. Let w(n) = -11*n**3 - 6*n**2 - 10*n - 9. Let d(p) = 3*w(p) + 5*x(p). Calculate the remainder when 117 is divided by d(-2).
17
Suppose 2*k - c = 3 + 70, 0 = -4*k + 3*c + 149. What is the remainder when 157 is divided by k?
17
Let t = -1047 + 1071. Calculate the remainder when 47 is divided by t.
23
Suppose 0 = -9*q + 6*q + 309. What is the remainder when q is divided by 15?
13
Let l(r) = 58*r - 448. What is the remainder when 1277 is divided by l(8)?
13
Suppose 2*v = -2, 18 = -0*r + 2*r - 2*v. Suppose -7*l = -r*l + 92. What is the remainder when l is divided by 31?
30
Let o be (-575)/(-35) + -1 + (-8)/(-14). What is the remainder when 55 is divided by (11 - 10)*(o + -1)?
10
Let h(q) = 2*q**3 - 3*q**2 + 3*q - 3. Let u be h(3). Let j = u + -19. What is the remainder when 55 is divided by j?
13
What is the remainder when 7650/30 + (6/1 - 4) is divided by 38?
29
Let a(z) = -z**3 - 14*z**2 + 8*z + 120. Let b(f) = 4*f - 1. Calculate the remainder when b(3) is divided by a(-14).
3
Let i(w) be the second derivative of w**4/4 + w**3 + 3*w**2 + 13*w. What is the remainder when i(-4) is divided by 8?
6
Let v = 336 - 323. Calculate the remainder when 322 is divided by v.
10
Let o(f) = -f**3 + 3*f**2 - f. Let n be o(2). Calculate the remainder when 39 is divided by 4*1/2 - (n + -14).
11
Calculate the remainder when 22 is divided by (-18)/12*(-476)/42.
5
Let p = 71 - 68. Suppose -41 = p*h - 92. Let w = -25 + 90. Calculate the remainder when w is divided by h.
14
Let t = 51 + -25. Let k(f) = f + 87. Calculate the remainder when k(15) is divided by t.
24
Suppose -3*h + 20 = -4*d + h, -2*d + 5*h = 25. Suppose 0 = -u - v + 20, u = -d*v + v + 16. Let x = 0 + u. What is the remainder when 35 is divided by x?
17
Let j = 311 + -154. What is the remainder when j is divided by 33?
25
Calculate the remainder when 207 is divided by -1 - (-31 - (2 + -4 + 7)